What is i(3)?
-9
Let c(f) = -12*f**3 - 446*f**2 - 95*f - 734. Calculate c(-37).
43
Let s(h) = -2581*h + 330372. Determine s(128).
4
Let g(a) = -3*a**3 - 3*a**2 + 159*a - 529. Calculate g(3).
-160
Let c(n) = -n**3 + 44*n**2 - 74*n - 344. What is c(42)?
76
Let j(m) = -7*m**3 - 6138*m**2 - 24439*m + 4. Give j(-4).
0
Let g(z) = 466*z + 34217. What is g(-72)?
665
Let a(z) = -3*z**3 - 246*z**2 - 224*z + 320. Give a(-81).
-1219
Let h(n) = 3*n**3 + 90*n**2 + 958*n + 3688. What is h(-11)?
47
Let w(s) = -2914*s - 145708. Give w(-50).
-8
Let y(f) = f**3 + 368*f**2 - 48515*f + 185. Determine y(103).
-21
Let h(i) = 3*i**2 - 332*i - 867. What is h(113)?
-76
Let w(z) = -65290*z + 587624. Determine w(9).
14
Let b(m) = -1610*m + 753. What is b(1)?
-857
Let u(o) = 25*o**2 - 1634*o - 14894. Determine u(-9).
1837
Let g(t) = -40*t**2 + 185*t - 364. Determine g(2).
-154
Let x(y) = -553*y - 3931. Give x(-7).
-60
Let w(r) = -66*r - 2451. Determine w(-52).
981
Let w(s) = -2*s**3 - 338*s**2 + 2033*s + 287819. What is w(-170)?
9
Let r(u) = -27*u**3 + 2241*u**2 - 4374*u + 6. Calculate r(81).
6
Let x(b) = -2*b**2 - 331*b - 2709. Calculate x(-159).
-642
Let c(i) = i**3 + 44*i**2 + 230*i + 442. Calculate c(-39).
-923
Let r(p) = 15*p**2 + 125*p - 1554. Calculate r(13).
2606
Let o(g) = -26959*g - 593310. Calculate o(-22).
-212
Let q(p) = -31*p**2 - 2456*p + 47266. Determine q(16).
34
Let z(v) = 1644*v**2 + 6595*v + 28. Determine z(-4).
-48
Let k(y) = -y**3 + 503*y**2 + 3026*y - 257. What is k(-6)?
-89
Let d(b) = -b**2 + 952*b - 23523. Give d(25).
-348
Let j(l) = -34*l + 1187. What is j(29)?
201
Let v(k) = 2*k**3 - 13*k**2 + 249*k + 2284. Calculate v(-8).
-1564
Let c(q) = 2*q**2 + 1855*q + 76900. Give c(-884).
-8
Let r(z) = -7*z**2 + 784*z + 2788. Determine r(115).
373
Let p(w) = 2*w**3 - 56*w**2 + 334*w - 411. What is p(6)?
9
Let j(u) = -99153*u + 495762. Calculate j(5).
-3
Let c(i) = 14*i**2 - 1514*i + 26658. Determine c(86).
-2
Let j(g) = 2*g**3 + 149*g**2 - 543*g + 241. Determine j(-78).
7
Let m(s) = -19313*s - 136476. Give m(-7).
-1285
Let k(t) = -t**2 + 823*t + 124954. Calculate k(-131).
-20
Let g(l) = -2292*l - 6892. Determine g(-3).
-16
Let l(r) = 3590*r**2 - 262076*r + 444. What is l(73)?
6
Let i(v) = 1159417*v + 11594178. Calculate i(-10).
8
Let w(x) = -x**2 - 14267*x + 486241. Calculate w(34).
7
Let k(f) = -4*f**3 - 3018*f**2 + 4614*f + 58970. Give k(-756).
2
Let h(q) = 359749*q - 3597479. Give h(10).
11
Let j(z) = 2131*z + 1891. What is j(-1)?
-240
Let s(r) = -r**2 - 12655*r - 265314. What is s(-21)?
0
Let n(g) = g**2 + 1716*g + 30501. Give n(-18).
-63
Let g(i) = -565*i - 3816. Give g(-6).
-426
Let w(y) = 44784*y + 4030555. Calculate w(-90).
-5
Let r(m) = -m**3 + 42*m**2 - 31*m + 122. Give r(41).
532
Let w(f) = 24*f**3 - 154*f**2 - f + 42. Calculate w(8).
2466
Let f(x) = 2*x**2 - 414*x + 20231. What is f(81)?
-181
Let h(p) = 295*p - 1802. Calculate h(14).
2328
Let x(f) = -2*f**3 + 757*f**2 - 3733*f + 1558449. What is x(379)?
1
Let s(g) = 2*g**2 - 412899*g - 1651632. What is s(-4)?
-4
Let x(j) = 131*j**2 - 251*j - 255. Determine x(-1).
127
Let h(p) = p**3 + 235*p**2 + 327*p + 76826. Give h(-235).
-19
Let w(k) = 78980*k - 552806. Determine w(7).
54
Let a(o) = -o**3 - 99*o**2 - 159*o - 4905. Give a(-98).
1073
Let a(h) = 43*h**2 + 2875*h + 50. Calculate a(-67).
452
Let o(a) = 3574*a + 17957. What is o(-5)?
87
Let f(u) = 5*u**3 + 35*u**2 - 126*u - 169. Determine f(5).
701
Let y(m) = 3*m**3 - 151*m**2 - 244*m - 560. Determine y(52).
272
Let i(c) = c**3 + 488*c**2 + 3397*c + 17. What is i(-7)?
-193
Let m(t) = -t**3 - 95*t**2 - 718*t - 2205. Give m(-87).
-291
Let s(p) = -p**3 - 216*p**2 - 98*p + 25511. Determine s(-215).
356
Let p(x) = 3080*x + 9859. Determine p(-3).
619
Let t(r) = 16*r**2 + 139*r + 31. Calculate t(-8).
-57
Let q(i) = i**3 + 50*i**2 + 894*i + 23425. Give q(-42).
-11
Let u(c) = -c**3 - 136*c**2 - 759*c + 2558. Give u(-130).
-172
Let w(b) = 15301*b + 137918. What is w(-9)?
209
Let x(f) = -f**3 + 6*f**2 + 2464*f - 14855. Determine x(6).
-71
Let n(x) = -13340*x - 933805. Determine n(-70).
-5
Let v(z) = z**3 - 52*z**2 - 62*z + 3378. Give v(52).
154
Let b(j) = -45*j**3 + 54*j**2 - 186*j + 49. What is b(3)?
-1238
Let p(s) = 56*s**2 + 2661*s - 2663. Calculate p(1).
54
Let u(q) = -55*q**2 + 972*q - 20. What is u(17)?
609
Let w(t) = -29547*t**2 + 384118*t - 50. Give w(13).
41
Let b(u) = 845964*u - 9305614. What is b(11)?
-10
Let x(c) = 2*c**3 - 15*c**2 - 317*c - 104. What is x(17)?
-2
Let a(b) = 68282*b - 3072682. What is a(45)?
8
Let l(n) = n**3 + 144*n**2 - 2733*n + 101. Calculate l(17).
169
Let v(k) = 11509*k + 57164. Give v(-5).
-381
Let g(p) = -32*p**3 - p**2 + 470*p + 1415. Calculate g(-3).
860
Let u(b) = -5*b**2 - 146*b - 1031. Determine u(-25).
-506
Let u(w) = 3*w**3 - 83*w**2 - 11*w - 359. Determine u(28).
117
Let n(u) = 1006*u + 13061. Determine n(-13).
-17
Let l(x) = 3*x**2 + 5921*x - 65510. Calculate l(11).
-16
Let a(u) = -307*u + 2080. Give a(7).
-69
Let z(s) = -s**3 - 120*s**2 + 86*s - 5187. What is z(-121)?
-952
Let l(y) = -2*y**3 + 5*y**2 + 21*y + 12. Determine l(-3).
48
Let l(r) = 11*r**2 + 779*r + 11587. What is l(-15)?
2377
Let v(i) = -2*i**3 - 8*i**2 + 112*i + 38. What is v(-11)?
500
Let b(p) = 82*p + 19477. What is b(-218)?
1601
Let f(r) = 97*r**3 + 29*r**2 + 31*r + 8. Calculate f(-1).
-91
Let v(k) = -1226*k**2 - 26966*k + 130. What is v(-22)?
-2
Let i(u) = -3*u**2 + 1346*u - 14441. Give i(11).
2
Let p(a) = 638*a - 55538. Give p(87).
-32
Let b(p) = -338*p**2 - 3423*p - 411. Determine b(-10).
19
Let z(w) = 2*w**2 - 137*w - 1307. What is z(-9)?
88
Let k(g) = 7*g**3 + 63*g**2 - 57*g - 556. Calculate k(-3).
-7
Let b(i) = 13*i**3 + 7*i**2 - 33*i - 18. Determine b(-3).
-207
Let c(d) = -43*d**3 + 9*d**2 - 16*d - 7. Calculate c(-3).
1283
Let b(n) = -4*n**3 - 42*n**2 - 68*n - 42. Determine b(-9).
84
Let x(l) = 6780*l + 610206. Calculate x(-90).
6
Let w(u) = 2*u**3 - 312*u**2 + 306*u + 427. Determine w(155).
-193
Let f(j) = -788*j + 43321. Calculate f(55).
-19
Let v(f) = -675*f + 7309. Give v(11).
-116
Let o(a) = 2756*a - 71589. What is o(26)?
67
Let k(r) = 2*r**3 - 35*r**2 + 124*r + 77. What is k(12)?
-19
Let o(g) = 107*g + 20078. Calculate o(-168).
2102
Let m(d) = 73*d + 713. Calculate m(-22).
-893
Let i(h) = h**3 - 15*h**2 - 202*h + 137. Give i(19).
-2257
Let p(f) = -3*f**3 - 44*f**2 - 15*f - 72. Calculate p(-14).
-254
Let f(u) = -4629*u - 5013202. Calculate f(-1083).
5
Let a(c) = -c**3 - 29*c**2 + 447*c + 13729. What is a(-27)?
202
Let y(d) = 13075*d + 143558. Determine y(-11).
-267
Let t(d) = 650*d - 109196. Calculate t(168).
4
Let f(k) = 7*k**3 - 9*k**2 + 27*k - 19. Calculate f(3).
170
Let p(c) = -4*c**3 - c**2 - 143. Calculate p(7).
-1564
Let n(l) = l**2 + 85767*l + 2914929. Give n(-34).
7
Let k(f) = -f**2 + 1054*f - 139321. Give k(155).
24
Let r(c) = -c**2 + 6*c + 607. Give r(27).
40
Let x(l) = l**3 + 2146*l**2 - 596*l + 3330001. Determine x(-2147).
4
Let k(m) = 52*m**3 + 320*m**2 + 4*m - 5. Determine k(-6).
259
Let z(s) = -192*s**2 - 19766*s - 54. What is z(-103)?
-1084
Let u(b) = -1168*b + 641234. Determine u(549).
2
Let i(g) = -3350*g - 466350. Determine i(-139).
-700
Let w(c) = -1211*c - 2500. Calculate w(-2).
-78
Let c(a) = 268*a**2 - 34583*a + 1396. Calculate c(129).
-23
Let z(t) = -2*t**2 + 445*t - 14179. Determine z(184).
-11
Let u(v) = 8576*v + 25858. What is u(-3)?
130
Let l(c) = 4*c**3 + 308*c**2 + 67*c + 5072. Calculate l(-77).
-87
Let s(i) = -i**3 + 15*i**2 + 71*i - 805. Determine s(10).
405
Let u(b) = -b**3 + 145*b**2 + 438*b + 1004. Give u(148).
116
Let w(a) = -a**3 + 25*a**2 - 113*a - 93. Calculate w(20).
-353
Let m(k) = k**3 + 105*k**2 + 467*k + 16430. Determine m(-102).
8
Let y(n) = -10732*n + 450751. What is y(42)?
7
Let v(d) = 1352*d - 34920. What is v(26)?
232
Let r(p) = -p**3 + 93*p**2 + 96*p - 342. Calculate r(94).
-154
Let o(z) = 14*z**3 + 8*z**2 - 517*z + 8. Determine o(-9).
-4897
Let s(b) = -3035*b - 11944. What is s(-4)?
196
Let x(w) = -3994*w - 467297. Calculate x(-117).
1
Let k(y) = 520670*y - 30198864. What is k(58)?
-4
Let a(b) = 2*b**2 + 52*b - 1148. Give a(20).
692
Let r(w) = -4*w**2 + 3454*w - 277103. What is r(774)?
-11
Let y(u) = -436*u**3 - 4384*u**2 - 230*u + 105. Give y(-10).
5
Let i(d) = -4*d**3 + 8*d**